+ 3*i**2 - 18*i**3 - 2*i**2. Calculate o(a).
-4
Let y = -2 - -9. Let d(x) = 2*x - 8. Let n be d(y). Let v(g) = -3*g - 1. Let a(t) = 6*t + 2. Let b(i) = n*a(i) + 13*v(i). Calculate b(2).
-7
Let h be ((-3)/(-3))/(1 - 2). Let s be (0 + 4)*h/2. Let u(m) = -10*m**2 + 3*m**3 - 2*m**3 + 3*m**2 + 1 + 9*m**2. Calculate u(s).
1
Let x(a) = -6*a - 5. Let n(k) = 7*k + 6. Let q(v) = -4*n(v) - 5*x(v). Let s be (20/(-6))/((-2)/3). Let r = 2 - s. Calculate q(r).
-5
Let v(l) = -l**2 - 5*l + 2. Let p(g) = -6*g - 3*g + g + 2 - 12*g**2 + 13*g**2. Let i be p(7). Calculate v(i).
2
Let r(s) be the third derivative of -s**4/24 + 7*s**3/6 - 17*s**2. What is r(8)?
-1
Let z = -8 - -11. Let m = -4 + z. Let r(l) be the second derivative of l**3/2 + l**2/2 + l. Calculate r(m).
-2
Let h(k) be the second derivative of k**3/2 - k**2/2 - 6*k. Calculate h(-1).
-4
Let f(i) = i**3 + 9*i**2 + 3*i + 21. Let z be f(-9). Let t(y) = y**3 + 6*y**2 + 2*y. Give t(z).
-12
Let h(n) = n + 2. Let k(c) = c + 1. Let a(d) = h(d) - 2*k(d). Determine a(3).
-3
Let f(b) be the third derivative of -b**6/720 - b**4/12 - 2*b**2. Let c(z) be the second derivative of f(z). Let l be c(1). Let v(j) = 5*j + 1. What is v(l)?
-4
Let s(h) = h**3 + 3*h**2 - 7*h + 4. Let l(d) be the first derivative of -d**2/2 - 2. Let x(o) = -5*l(o) + s(o). What is x(-3)?
10
Let w(q) be the first derivative of -q**3 - q - 8. Give w(1).
-4
Let l(u) be the second derivative of -7*u**3/6 + u**2 - 20*u - 2. What is l(-2)?
16
Let g = 5 + -3. Suppose 1 = -g*n + 9. Let h(d) = -4*d - 1 - d**3 - d + 5*d**2 + 0*d. Determine h(n).
-5
Let w(s) = s**3 + 3*s**2 - 7*s - 5. Let c be 2/((1/6)/(1/(-3))). Calculate w(c).
7
Let t(o) = o**3 + 5*o**2 + 6*o + 1. Let g be (-3 - -1) + 2 - 4. Determine t(g).
-7
Let c(i) = i**2 - 2*i - 5. Suppose 10 = -8*u + 3*u, 2*p - 3*u - 28 = 0. Suppose -4*x - 5*s + 4 = -3, 5*x = -4*s + p. Let m be (-6)/(-9) + 10/x. What is c(m)?
3
Let h(y) = y**3 - 2*y**2 - 3*y + 3. Let n be h(3). Suppose v - n = -p, -4*p = -0*v - v - 12. Let t(x) = -x**2 + x - 10. Give t(v).
-10
Let m(w) = 3 - w - 2 - 2 + 4. Let y(c) = c**2 - 1. Let z be y(1). Let s be (2/4 - 1)*z. Calculate m(s).
3
Let w(t) = -t**3 - 6*t**2 - 4*t - 1. Let r(d) = 0*d**3 + 0*d**3 - 9*d - 2 - 2*d**3 - 12*d**2. Let a(o) = 4*r(o) - 9*w(o). Determine a(-6).
1
Let c(i) = -i - 1. Let v(a) = 7*a + 6. Let s(z) = 6*c(z) + v(z). Give s(5).
5
Let l be 10/(-15) - 16/(-6). Let b(s) = -1 + l*s + 5*s - 3*s + 4*s. Give b(1).
7
Let y(c) = -c**2 + 1. Let h(b) = -3*b**2 - 8*b + 13. Let s(i) = -h(i) + 4*y(i). Determine s(7).
-2
Let s(h) = 3*h + 1 + 0*h**3 - 7*h**2 + 2*h - 2 + h**3. Let p be 4/10 + (-28)/(-5). What is s(p)?
-7
Let b be (-2)/6 - (-5)/(-3). Let o(f) = 7 - 1 - 3. Let h(s) = -s + 1. Let i(q) = b*h(q) + 2*o(q). What is i(-3)?
-2
Let o(k) = -k**3 + 4*k + 3. Let g(s) be the second derivative of s**3/6 - s**2/2 + 2*s. Let x be g(-1). Calculate o(x).
3
Let w(t) be the first derivative of -t**4/4 - 2*t**3 + t**2 + 7*t - 5. Calculate w(-6).
-5
Let h(k) = -3*k**3 + 2*k**2 + 4*k - 7. Let t(z) = -5*z**3 + 3*z**2 + 7*z - 13. Let o(s) = -7*h(s) + 4*t(s). Let g be o(3). Let x(q) = -q + 1. Calculate x(g).
-5
Let h(w) = 3 - w**2 + 0*w + 2*w**3 - 6*w - w**3 - 3*w**2. Determine h(5).
-2
Let d(y) = y**3 - 7*y**2 + 5*y + 4. Let k be d(6). Let w(p) be the third derivative of p**6/60 + p**5/20 + p**4/8 + p**3/3 + 14*p**2. What is w(k)?
-8
Let c be (3 + -2)*3/1. Let s = 0 - c. Let f(r) be the first derivative of -r**3/3 - 3*r**2/2 - 2*r - 2. What is f(s)?
-2
Let s(i) = -i + 4. Suppose -2*t = t + 27. Let z(n) = -n**3 - 9*n**2 + 6. Let u be z(t). Calculate s(u).
-2
Let y = 19 - 14. Let u(x) = 6*x**2 - 6*x + 2*x**3 - 3*x**3 + 5 + 0. Let h be u(y). Let c(p) = -p**3 + p**2 - 3. What is c(h)?
-3
Let b(h) = h**2 + 13*h + 12. Let d be b(-12). Let i(u) be the second derivative of -u**4/12 - u**3/6 - 2*u**2 - u. Determine i(d).
-4
Let x be ((-4)/(-2))/((-2)/1). Let a(v) = -36*v. Let r(z) = -7*z. Let o(m) = -2*a(m) + 11*r(m). Determine o(x).
5
Let q(r) = 7*r. Let z(j) = -8*j. Let c(b) = -6*q(b) - 5*z(b). Calculate c(-6).
12
Let n(r) = -r**2 + 5. Let l(f) = -3*f + 2. Let x be l(-2). Let b = x - 8. Give n(b).
5
Let q(t) be the first derivative of t**2/2 - 8*t - 13. Determine q(8).
0
Let x(k) be the second derivative of k**5/40 - k**3/3 - 2*k. Let h(t) be the second derivative of x(t). Suppose -d = d - 2. Give h(d).
3
Let c(w) = w - 4. Let d = -6 + 12. Give c(d).
2
Let x(g) = -g**2 + 4*g + 2. Let y be x(4). Let t(o) = -4*o**2 - o**3 - 1 + 2*o + 5*o**y - 1. Suppose 2*a = l - 2*l + 6, 4*l + 2*a = 12. Determine t(l).
-2
Let d(h) = -h**2 - 5*h + 5. Suppose 3*k = 6 + 21. Let j be 5/3*(6 - k). What is d(j)?
5
Let u be (-9)/(-6) + 3/6. Suppose -5*a = u*z + 10, 3*z + 0*z + a = -15. Let r(s) = s**2 + 6*s + 4. Calculate r(z).
-1
Let h(y) = -y**2 + y + 12. Let q = 10 - 10. Calculate h(q).
12
Let u = -129 - -130. Let i(v) = -16*v**2 + 5*v + 1. Let x(k) = -15*k**2 + 4*k + 1. Let o(t) = -6*i(t) + 7*x(t). Determine o(u).
-10
Let t = 10 + -9. Let f(c) = 6*c**2 - 2*c + 1. Calculate f(t).
5
Suppose 0 = 4*c - 2*d + 28, 0 = 2*c - c - 2*d + 13. Let k(o) = -5*o - 5. Let s(l) = -11*l - 11. Let m(g) = 13*k(g) - 6*s(g). Determine m(c).
-4
Let b(j) = -j**3 - j + j**2 + 4 - 7 + 8. Give b(0).
5
Let z(s) = s**3 - 4*s**2 + 3*s - 1. Let w be 2 - (2 + -2) - 14. Let m be (-3)/(-12) + 3/w. Let o be 0 - (2 - m)/(-1). What is z(o)?
-3
Suppose -f = -2*k + 6, 0*k - 14 = -f - 3*k. Suppose -c = -2*c + 3. Let b(a) = 2 - a + 0*a**f + 2*a**2 - a**3 + 0*a**c. What is b(2)?
0
Let r(a) be the second derivative of a**5/20 - a**4/3 + a**3/6 + 2*a**2 + 10*a. Calculate r(4).
8
Let g = 2 + 3. Let p(a) = a**2 - 6*a - 1. Calculate p(g).
-6
Let k be 45/(-6)*((-80)/12)/5. Let z(u) = u - 6. Give z(k).
4
Suppose -4*d - d + 20 = 0. Let v = -2 + d. Let p(r) = 3*r + 2*r - 2*r**v - 5 + r**2. Calculate p(5).
-5
Let v be 0 + 8/(1 + 3). Let g(d) = d - 1. Let c(r) = -10*r + 3. Let a(q) = c(q) + 2*g(q). What is a(v)?
-15
Let t(k) = -k**3 - 6*k**2 - 8*k - 5. Let i be 2 - 9/(-3)*-1. Let o = -4 + i. Calculate t(o).
10
Let t be (-6)/(2/2*-2). Let a(y) = 4*y**3 - y**3 + 0*y + y - 1 - 2*y**t. Determine a(1).
1
Let l(d) = 3*d + d - d - d. Suppose 0*b + 13 = 5*s - 3*b, -3*b = 3. Give l(s).
4
Let f = 0 + -4. Suppose 4*q + 13 = 3*q - x, -2*x - 13 = q. Let o(s) = 11*s - 27. Let u(z) = 5*z - 13. Let j(i) = q*u(i) + 6*o(i). Calculate j(f).
3
Let u(p) be the second derivative of p**4/6 + p**3 + 5*p**2/2 - p. Let a(x) be the third derivative of -x**4/24 + 2*x**3/3 + 2*x**2. Let i be a(8). Give u(i).
13
Suppose 4*d - 8*d = -28. Let j(x) = 9*x**2 - 4*x**2 + 4 - d*x**2 + x**2 - 3*x. Suppose 9 = -3*b, 0*t - 5*b - 10 = -t. Calculate j(t).
-6
Let q(h) be the first derivative of 3*h**4/2 + 1. Let a = 5 - 4. Let b be q(a). Let t(s) = -s + 8. What is t(b)?
2
Let i(c) = -4*c + 28. Let u be i(6). Let a(m) = m**3 - 5*m**2 + 3*m + 4. Give a(u).
0
Let m(l) = -l**2 + 6*l + 5. Let y(i) = 4*i**3 + 2*i**2 - i. Let n be y(1). Give m(n).
10
Let r(d) = -d**2 + 2*d - 1. Suppose -2*k = -7*k + 2*y + 47, 28 = 3*k - y. Let w = -5 + k. Let v be 1/(-1*(-2)/w). Give r(v).
-1
Let g(w) = 45 + w - 45. What is g(3)?
3
Let h(u) be the third derivative of -u**6/120 + 2*u**5/15 - 7*u**4/24 - 5*u**3/3 + 13*u**2. Calculate h(7).
-10
Let m(t) be the second derivative of -t**4/6 - t**3 - 3*t**2 - 2*t + 5. What is m(-4)?
-14
Let m(p) = -p**3 - p**2 + p + 15. Let f(l) = -3*l**3 - 4*l**2 + 4*l + 44. Let y(o) = -2*f(o) + 7*m(o). Determine y(0).
17
Let x = 6 - 3. Let n(c) = 8*c - 5*c + 1 - 3 + c**x + c**2. Calculate n(2).
16
Let x(h) = h**3 - h**2 - 1. Let o(u) = 4*u**3 + 2*u**2 + u - 4. Let l(q) = -o(q) + 2*x(q). Let m = 8 + -12. Let d be m/14 + (-24)/14. Calculate l(d).
4
Let i(k) = 2*k**2 - k + 3. Let w(h) = h**2 + h - 1. Let j(q) = i(q) - 3*w(q). Suppose -5*p - 4 = -4*d + 36, 0 = 4*d + 2*p - 40. Suppose -u = u + d. Give j(u).
1
Let h(j) be the first derivative of -j**3/3 - j**2/2 + 7*j - 3. Suppose -x = 3*x. Give h(x).
7
Let j(w) = -2*w**2 + 2. Let m be 2/(-4 - 2)*-15. Suppose m*o = 3*y - y + 1, 0 = -y - o + 3. Give j(y).
-6
Let p = 4 - 2. Let m(g) = 4*g - 3*g**3 + p - 6*g**2 - 2*g**3 + 6*g**3. Give m(5).
-3
Let d be (-1 + 0)*-2 + 0. Let m(b) = -4*b**3 - 5*b**2 - 9*b + 9. Let u(t) = t**3 + t**2 + 2*t - 2. Let x(j) = d*m(j) 